lculate the greatest common divisor of b and v.
38
Suppose 3*c = 4*d + 40, -3*c - 8*d = -7*d - 50. What is the highest common factor of c and 2?
2
Let v be 4*1/4 + 4. Suppose 2*h + 4*y - 68 = 0, -v*h - y + 115 = -2*y. Calculate the highest common divisor of h and 24.
24
Let u = 21 + -11. Suppose -18 = 7*m - u*m. Calculate the highest common factor of m and 6.
6
Let f(m) = m**3 + m**2 - 4*m**2 - 16 + 11*m - 11*m**2 + 5*m**2. Let q be f(8). Calculate the highest common factor of q and 16.
8
Let f = -2204 + 2554. Calculate the highest common factor of 300 and f.
50
Suppose 0*v = -4*v + 116. Suppose -4*w + a = -4, 3*a + 2 = 5*w - 3. Let o be ((-174)/(w - 3))/(6/4). What is the greatest common factor of v and o?
29
Suppose 3*i = 287 + 1. Suppose 62*r - 1008 = -22*r. What is the highest common divisor of i and r?
12
Suppose -4662 = -18*n - 1746. What is the greatest common factor of 27 and n?
27
Suppose -3*s - 2*h = -117, -s + 31 = -0*s - 2*h. Let t be -6*(-7)/(63/222). What is the highest common divisor of t and s?
37
Suppose -3*x + 15 = 3*h, 3 - 1 = 4*h - 2*x. Let m(w) = 44*w**2 - 5*w + 4. Let o be m(h). Suppose -57 = -2*g + 79. What is the highest common divisor of g and o?
34
Let v = -8 + 23. Let q be (1 - (-2)/6) + 295/v. What is the greatest common factor of 168 and q?
21
Let u be -15*((-4)/(-10))/(-1). Let p be -18 + 2664/63 + 12/7 + -2. Calculate the greatest common divisor of u and p.
6
Let p = -9 + 0. Let g(w) = w**3 + 10*w**2 + 4*w + 20. Let d be g(p). What is the highest common divisor of 26 and d?
13
Let x be -5 + (-6)/2 + 1. Let q = 7 + x. Suppose 2*j + q*j + 4 = 0, -24 = -y + 3*j. Calculate the greatest common divisor of y and 12.
6
Let x be 480/(-36)*(-6)/4. Calculate the greatest common divisor of x and 520.
20
Let b = 1198 + -886. What is the greatest common factor of 234 and b?
78
Let s = 1145 + -1142. Calculate the greatest common divisor of 57 and s.
3
Let m be (-1538)/11 - (-20)/(-110). Let h = 261 + m. What is the highest common divisor of h and 11?
11
Let y(v) = v**2 - 18*v + 81. Let z be y(11). What is the highest common factor of 26 and z?
2
Let u(r) = r**2 + 10*r - 14. Let v be (1 - 5)*45/(-6). Let b be 18/(5/(v/(-9))). Let y be u(b). What is the greatest common divisor of 50 and y?
10
Let p be (-12)/12 + 11/(1 - 0). Calculate the greatest common factor of p and 250.
10
Suppose 58*l = 69*l - 2024. What is the greatest common divisor of l and 23?
23
Let y = -1 + 26. Calculate the highest common factor of 350 and y.
25
Suppose 0 = 4*a - 5*j + 56, 3*a + j = -2*a - 70. Let d = 39 + a. Let i = 5 + d. Calculate the highest common divisor of 330 and i.
30
Suppose 3*u - 338 = 4*n, 2*n + 0*n + 328 = 3*u. Let k = -26 + u. Let h = -16 + 48. Calculate the greatest common divisor of k and h.
16
Let z(q) = q**3 + 5*q**2 - q - 1. Let s be z(-4). Suppose 2*u = 3*u + 3. Let o be 412/2 - (3 + 6)/u. What is the greatest common divisor of s and o?
19
Let b(d) = d**3 - 20*d**2 - 22*d + 22. Let y be ((-21)/(-14))/((-2)/(-28)). Let f be b(y). Let z = -1 - -3. Calculate the highest common factor of f and z.
1
Suppose 9*b + 7 = 34. Suppose -b*p + 22 = -5. Calculate the greatest common divisor of p and 81.
9
Suppose 0 = 12*f - 11*f. Let u be f - -5 - (4 - 1). Suppose 4*a + q = 311, 0 = -u*a - 4*q + 94 + 72. What is the highest common factor of a and 11?
11
Let n be 3/4*(11 + -7). Suppose -5*c + 0*j + 163 = -n*j, 0 = -3*c + 3*j + 99. Calculate the greatest common divisor of c and 16.
16
Suppose 5*x + x = 30. Suppose -2*j + 5 = -x. Suppose b = 5*i - 257, -j*i + 139 + 136 = 5*b. Calculate the highest common divisor of 130 and i.
26
Let h be (-1898)/(-10) - (11 + -25)/70. What is the highest common factor of 10 and h?
10
Let x = -30 + 50. Let h be (1680/75)/8*25. What is the highest common divisor of x and h?
10
Suppose -2*s + 515 = 4*u - 63, -2*s + 434 = 3*u. Let o be (-10)/(-35) + 166/7. What is the highest common divisor of o and u?
24
Suppose -33*y + 31*y + 43 = i, 0 = -2*y - 4*i + 40. Calculate the greatest common divisor of 99 and y.
11
Let k = -5 - -23. Let p = k + 9. Calculate the highest common factor of 3 and p.
3
Let g(a) = -28*a**3 - 4*a**2 - 8*a + 4. Let k be g(-2). What is the greatest common divisor of 152 and k?
76
Suppose -5*h - 4*v + 0*v + 22 = 0, 5*h = -2*v + 16. Suppose h*n + 3*d = 15, 0 = 2*n - 5*d - 7 - 0. Calculate the greatest common factor of 66 and n.
6
Suppose 26 = 2*y + 10*o - 9*o, -3 = -y + 2*o. Suppose 298 = 4*h - 54. What is the greatest common divisor of h and y?
11
Suppose -25 = -5*s, -4*t - 6 = s - 27. Let w(m) = -m**2 - 3*m + 24. Let b be w(-6). Suppose -34 = -2*o + b. What is the highest common factor of o and t?
4
Suppose 143 = y + s, 0*y + 3*s + 459 = 3*y. Suppose -5*c - y = -583. Calculate the greatest common divisor of c and 58.
29
Suppose -199 - 945 = -13*l. Calculate the highest common factor of 8 and l.
8
Let z = -23 - -20. Let u be (-1)/2*z*162. Suppose -27 = -0*w - w. What is the greatest common divisor of u and w?
27
Let o(m) = m - 36 - 5 + 73. Let v be o(-22). Suppose -4*y = i + y + 8, -5*i + 4*y + 18 = 0. What is the highest common divisor of v and i?
2
Suppose -452 + 1908 = 13*z. Calculate the highest common factor of 144 and z.
16
Let y be (-14)/(-35) + (-1058)/(-5) - -8. Calculate the greatest common divisor of y and 24.
4
Let u be (14/6 + -3)*-18. Suppose 7*k + u = 40. Suppose k*o + 120 = 7*o. Calculate the greatest common divisor of o and 5.
5
Let g = 9 + -12. Let t = 5 - g. Let w(j) = 2*j**2 + j - 12. Let a be w(4). What is the greatest common factor of a and t?
8
Let w be ((-10)/3)/((-4)/6). Let h(a) = -2*a**2 - 16*a - 19. Let j be h(-6). Calculate the greatest common factor of w and j.
5
Let g be (3 + 34/(-4))*-2. Calculate the greatest common divisor of g and 407.
11
Let h = 5 - -9. Let k(z) = 73*z + 8. Let o be k(2). What is the greatest common divisor of o and h?
14
Suppose -2*p - 54 = -4*x, 7*x - 5*x - 47 = -3*p. Calculate the greatest common divisor of 6 and x.
2
Let h be 8/(3 - 1) - 16. Let n be 9/h + 153/12. Let u = 18 + n. Calculate the highest common divisor of u and 12.
6
Let w be ((-21)/(-105))/((-1)/5). Let f be w/(292/(-96) + 3). Calculate the highest common divisor of 132 and f.
12
Let l be -1 + -1*(-5 - -6). Let n be ((-7)/l)/(5/70). What is the greatest common factor of 7 and n?
7
Let r = 14 - 10. Suppose -r*o - 6 = -46. Suppose 0 = o*w - 6*w - 396. Calculate the greatest common factor of w and 9.
9
Let m = 7 + -4. Suppose -75 = -m*o + 9. Calculate the highest common factor of o and 42.
14
Let b be 5 + -1 + (65 - 7). Let k = 64 - b. Calculate the highest common divisor of k and 6.
2
Let a = -17 - -13. Let o be a + 3*320/15. Calculate the highest common divisor of 20 and o.
20
Suppose 391 = 4*h - 49. Suppose -4*n + u = -6*n + 44, -5*n + h = 4*u. What is the highest common divisor of 33 and n?
11
Suppose 2*u - 116 - 10 = -4*a, 5*a - 5*u - 165 = 0. Calculate the greatest common divisor of 1 and a.
1
Let k be (18/(-10))/(4/((-80)/6)). Calculate the greatest common divisor of 222 and k.
6
Let q be 10/5 - 46/(-1). Let y(s) = -s**2 + 24*s + 3. Let j be y(23). Let x = j - 14. Calculate the greatest common divisor of x and q.
12
Let x = -27 - -63. Suppose 2*i - 3*d + 946 = 2*d, 3*d = 6. Let f = -144 - i. Calculate the greatest common divisor of x and f.
36
Suppose -11*s + 10*s - v + 4 = 0, -4*v = -4*s + 40. Calculate the greatest common divisor of s and 7.
7
Let o = -2 - 3. Let x = o - 4. Let v = x + 11. Calculate the highest common divisor of 5 and v.
1
Let m(v) = -32*v - 81. Let c(l) = -4*l - 10. Let a(i) = 51*c(i) - 6*m(i). Let u be a(-6). Calculate the greatest common factor of 8 and u.
8
Let o be (-52400)/(-1834)*(9/2 - 1). Calculate the highest common factor of o and 30.
10
Let v(c) = 2*c**2 + 8*c + 7. Let l be v(-4). Let o(r) = 2*r**3 + 7*r**2 + 6*r. Let n be o(-4). Let p = n + 89. What is the greatest common divisor of l and p?
7
Suppose 0 = -17*u + 76 + 689. What is the greatest common factor of 330 and u?
15
Suppose -z + 0 - 44 = 0. Let m be ((-6)/(-2))/((-4)/z). Suppose g + m = 88. What is the highest common factor of 22 and g?
11
Suppose 39 = 14*j - 45. Suppose f = -5*n - 4, 0*n + 4*f = 2*n - 16. Suppose -t + n*t + 48 = 0. What is the highest common divisor of j and t?
6
Su